ts digit of 90393?
3
What is the thousands digit of 5936650?
6
What is the units digit of 8462313?
3
What is the ten thousands digit of 1016828?
1
What is the units digit of 7764315?
5
What is the units digit of 3536282?
2
What is the tens digit of 95335?
3
What is the thousands digit of 493245?
3
What is the ten thousands digit of 12306751?
0
What is the thousands digit of 1979481?
9
What is the tens digit of 1155137?
3
What is the hundreds digit of 1497264?
2
What is the ten thousands digit of 16516?
1
What is the tens digit of 11640844?
4
What is the tens digit of 9034991?
9
What is the tens digit of 13265705?
0
What is the units digit of 4711417?
7
What is the hundred thousands digit of 11653739?
6
What is the units digit of 1114386?
6
What is the ten thousands digit of 1449166?
4
What is the tens digit of 4499387?
8
What is the tens digit of 3244055?
5
What is the thousands digit of 401990?
1
What is the millions digit of 1209004?
1
What is the hundreds digit of 733934?
9
What is the units digit of 1081975?
5
What is the ten thousands digit of 2443660?
4
What is the units digit of 10359?
9
What is the thousands digit of 468801?
8
What is the millions digit of 2324944?
2
What is the tens digit of 2333422?
2
What is the ten thousands digit of 5311842?
1
What is the thousands digit of 176910?
6
What is the hundreds digit of 802776?
7
What is the millions digit of 4037619?
4
What is the ten thousands digit of 5569343?
6
What is the hundred thousands digit of 12952212?
9
What is the thousands digit of 3108165?
8
What is the thousands digit of 6523794?
3
What is the hundred thousands digit of 1776616?
7
What is the tens digit of 7252904?
0
What is the hundred thousands digit of 124748?
1
What is the units digit of 2204985?
5
What is the hundreds digit of 290957?
9
What is the tens digit of 112784?
8
What is the ten thousands digit of 1034347?
3
What is the hundreds digit of 3443399?
3
What is the hundred thousands digit of 18111301?
1
What is the thousands digit of 10601315?
1
What is the tens digit of 1394006?
0
What is the tens digit of 33124484?
8
What is the hundreds digit of 308389?
3
What is the thousands digit of 756357?
6
What is the hundred thousands digit of 1502931?
5
What is the tens digit of 3720867?
6
What is the hundred thousands digit of 157730?
1
What is the hundred thousands digit of 2029764?
0
What is the tens digit of 97984?
8
What is the hundreds digit of 5373442?
4
What is the ten thousands digit of 142041?
4
What is the thousands digit of 1457086?
7
What is the tens digit of 333514?
1
What is the thousands digit of 3527931?
7
What is the units digit of 628146?
6
What is the hundred thousands digit of 371196?
3
What is the units digit of 1703537?
7
What is the tens digit of 7110490?
9
What is the thousands digit of 389616?
9
What is the tens digit of 282588?
8
What is the units digit of 2058303?
3
What is the thousands digit of 20612457?
2
What is the hundred thousands digit of 17200713?
2
What is the hundreds digit of 5139119?
1
What is the thousands digit of 8588097?
8
What is the hundreds digit of 355497?
4
What is the units digit of 1021926?
6
What is the units digit of 133892?
2
What is the hundred thousands digit of 5991334?
9
What is the ten thousands digit of 302553?
0
What is the ten thousands digit of 22317?
2
What is the tens digit of 13099289?
8
What is the hundred thousands digit of 120778?
1
What is the millions digit of 1672982?
1
What is the thousands digit of 185030?
5
What is the ten thousands digit of 440358?
4
What is the hundreds digit of 235535?
5
What is the tens digit of 7258887?
8
What is the hundreds digit of 231278?
2
What is the hundred thousands digit of 1703253?
7
What is the thousands digit of 430862?
0
What is the units digit of 11785976?
6
What is the thousands digit of 3202803?
2
What is the hundreds digit of 10977581?
5
What is the tens digit of 2276994?
9
What is the ten thousands digit of 3751152?
5
What is the tens digit of 365516?
1
What is the tens digit of 601257?
5
What is the hundred thousands digit of 251455?
2
What is the hundred thousands digit of 6882226?
8
What is the thousands digit of 10291657?
1
What is the units digit of 104927?
7
What is the thousands digit of 1213843?
3
What is the hundreds digit of 2086397?
3
What is the millions digit of 2411188?
2
What is the ten thousands digit of 4728323?
2
What is the units digit of 5094843?
3
What is the ten thousands digit of 5350721?
5
What is the thousands digit of 995291?
5
What is the thousands digit of 306643?
6
What is the tens digit of 5641629?
2
What is the millions digit of 2298950?
2
What is the millions digit of 1760619?
1
What is the hundred thousands digit of 363306?
3
What is the hundreds digit of 257286?
2
What is the tens digit of 268966?
6
What is the thousands digit of 9076348?
6
What is the millions digit of 2208645?
2
What is the hundreds digit of 240013?
0
What is the hundred thousands digit of 6688187?
6
What is the hundreds digit of 2287382?
3
What is the hundred thousands digit of 3353841?
3
What is the millions digit of 22687761?
2
What is the millions digit of 1230304?
1
What is the hundred thousands digit of 29058196?
0
What is the ten thousands digit of 22665144?
6
What is the hundred thousands digit of 188484?
1
What is the millions digit of 2863052?
2
What is the ten thousands digit of 4438006?
3
What is the hundred thousands digit of 3373167?
3
What is the thousands digit of 4870400?
0
What is the hundred thousands digit of 1437868?
4
What is the tens digit of 8898238?
3
What is the hundreds digit of 2647323?
3
What is the hundreds digit of 1309636?
6
What is the hundreds digit of 255535?
5
What is the hundred thousands digit of 22979445?
9
What is the units digit of 393959?
9
What is the hundreds digit of 1580957?
9
What is the hundreds digit of 84242?
2
What is the hundred thousands digit of 1504451?
5
What is the thousands digit of 6892?
6
What is the hundreds digit of 2262951?
9
What is the hundreds digit of 402997?
9
What is the units digit of 20871?
1
What is the tens digit of 417753?
5
What is the units digit of 169188?
8
What is the units digit of 9567245?
5
What is the millions digit of 2540401?
2
What is the hundreds digit of 2187751?
7
What is the hundreds digit of 693674?
6
What is the thousands digit of 2956265?
6
What is the ten thousands digit of 734805?
3
What is the units digit of 249390?
0
What is the ten thousands digit of 41913?
4
What is the hundreds digit of 4128724?
7
What is the hundred thousands digit of 8596342?
5
What is the thousands digit of 10874715?
4
What is the ten millions digit of 17849145?
1
What is the millions digit of 20341930?
0
What is the ten thousands digit of 569415?
6
What is the ten thousands digit of 173588?
7
What is the ten thousands digit of 319314?
1
What is the thousands digit of 163805?
3
What is the thousands digit of 2261948?
1
What is the tens digit of 2859516?
1
What is the thousands digit of 2047982?
7
What is the ten thousands digit of 1854153?
5
What is the hundreds digit of 1666822?
8
What is the ten thousands digit of 3073534?
7
What is the ten thousands digit of 33099001?
9
What is the hundred thousands digit of 655325?
6
What is the units digit of 635402?
2
What is the hundred thousands digit of 13133447?
1
What is the hundred thousands digit of 112956?
1
What is the hundred thousands digit of 168341?
1
What is the thousands digit of 100967?
0
What is the ten millions digit of 10943682?
1
What is the thousands digit of 11092558?
2
What is the hundreds digit of 8190266?
2
What is the thousands digit of 190657?
0
What is the millions digit of 1794483?
1
What is the tens digit of 9821335?
3
What is the units digit of 498072?
2
What is the hundreds digit of 12091397?
3
What is the hundred thousands digit of 222329?
2
What is the ten thousands digit of 120665?
2
What is the hundreds digit of 635537?
5
What is the ten thousands digit of 965182?
6
What is the tens digit of 2028945?
4
What is the ten thousands digit of 297549?
9
What is the hundreds digit of 13421495?
4
What is the ten thousands digit of 267071?
6
What is the thousands digit of 305255?
5
What is the ten thousands digit of 101059?
0
What is the hundred thousands digit of 8